{"id":227,"date":"2023-03-09T12:38:16","date_gmt":"2023-03-09T12:38:16","guid":{"rendered":"https:\/\/neuronthemes.com\/amore\/?page_id=227"},"modified":"2025-03-19T14:41:56","modified_gmt":"2025-03-19T14:41:56","slug":"o-mne","status":"publish","type":"page","link":"https:\/\/janvosahlo.com\/index.php\/o-mne\/","title":{"rendered":"O mn\u011b"},"content":{"rendered":"\t\t<div data-elementor-type=\"wp-page\" data-elementor-id=\"227\" class=\"elementor elementor-227\" data-elementor-post-type=\"page\">\n\t\t\t\t<div class=\"elementor-element elementor-element-20c5611a e-con-full e-flex e-con e-parent\" data-id=\"20c5611a\" data-element_type=\"container\" data-settings=\"{&quot;content_width&quot;:&quot;full&quot;}\" data-core-v316-plus=\"true\">\n\t\t<div class=\"elementor-element elementor-element-7c338f96 e-con-full e-flex e-con e-child\" data-id=\"7c338f96\" data-element_type=\"container\" data-settings=\"{&quot;content_width&quot;:&quot;full&quot;}\">\n\t\t\t\t<div class=\"elementor-element elementor-element-57680f8f elementor-widget elementor-widget-heading\" data-id=\"57680f8f\" data-element_type=\"widget\" data-widget_type=\"heading.default\">\n\t\t\t\t<div class=\"elementor-widget-container\">\n\t\t\t<style>\/*! elementor - v3.19.0 - 28-02-2024 *\/\n.elementor-heading-title{padding:0;margin:0;line-height:1}.elementor-widget-heading .elementor-heading-title[class*=elementor-size-]>a{color:inherit;font-size:inherit;line-height:inherit}.elementor-widget-heading .elementor-heading-title.elementor-size-small{font-size:15px}.elementor-widget-heading .elementor-heading-title.elementor-size-medium{font-size:19px}.elementor-widget-heading .elementor-heading-title.elementor-size-large{font-size:29px}.elementor-widget-heading .elementor-heading-title.elementor-size-xl{font-size:39px}.elementor-widget-heading .elementor-heading-title.elementor-size-xxl{font-size:59px}<\/style><h2 class=\"elementor-heading-title elementor-size-default\">Ahoj, <\/br>\nV\u00edtej u m\u011b na webu!<\/h2>\t\t<\/div>\n\t\t\t\t<\/div>\n\t\t\t\t<\/div>\n\t\t<div class=\"elementor-element elementor-element-2c647a98 e-con-full e-flex e-con e-child\" data-id=\"2c647a98\" data-element_type=\"container\" data-settings=\"{&quot;content_width&quot;:&quot;full&quot;}\">\n\t\t\t\t<div class=\"elementor-element elementor-element-4bcad967 elementor-widget elementor-widget-image\" data-id=\"4bcad967\" data-element_type=\"widget\" data-widget_type=\"image.default\">\n\t\t\t\t<div class=\"elementor-widget-container\">\n\t\t\t<style>\/*! elementor - v3.19.0 - 28-02-2024 *\/\n.elementor-widget-image{text-align:center}.elementor-widget-image a{display:inline-block}.elementor-widget-image a img[src$=\".svg\"]{width:48px}.elementor-widget-image img{vertical-align:middle;display:inline-block}<\/style>\t\t\t\t\t\t\t\t\t\t<img fetchpriority=\"high\" decoding=\"async\" width=\"683\" height=\"1024\" src=\"https:\/\/janvosahlo.com\/wp-content\/uploads\/2024\/02\/CAM11366-1-683x1024.png\" class=\"attachment-large size-large wp-image-2124\" alt=\"\" srcset=\"https:\/\/janvosahlo.com\/wp-content\/uploads\/2024\/02\/CAM11366-1-683x1024.png 683w, https:\/\/janvosahlo.com\/wp-content\/uploads\/2024\/02\/CAM11366-1-200x300.png 200w, https:\/\/janvosahlo.com\/wp-content\/uploads\/2024\/02\/CAM11366-1-768x1152.png 768w, https:\/\/janvosahlo.com\/wp-content\/uploads\/2024\/02\/CAM11366-1.png 1000w\" sizes=\"(max-width: 683px) 100vw, 683px\" \/>\t\t\t\t\t\t\t\t\t\t\t\t\t<\/div>\n\t\t\t\t<\/div>\n\t\t\t\t<\/div>\n\t\t<div class=\"elementor-element elementor-element-124ec205 e-con-full e-flex e-con e-child\" data-id=\"124ec205\" data-element_type=\"container\" data-settings=\"{&quot;content_width&quot;:&quot;full&quot;}\">\n\t\t\t\t<div class=\"elementor-element elementor-element-71654ae elementor-widget elementor-widget-heading\" data-id=\"71654ae\" data-element_type=\"widget\" data-widget_type=\"heading.default\">\n\t\t\t\t<div class=\"elementor-widget-container\">\n\t\t\t<h3 class=\"elementor-heading-title elementor-size-default\">P\u00e1r fakt\u016f a zaj\u00edmavost\u00ed o mn\u011b<\/h3>\t\t<\/div>\n\t\t\t\t<\/div>\n\t\t\t\t<div class=\"elementor-element elementor-element-5ef0089 elementor-widget elementor-widget-heading\" data-id=\"5ef0089\" data-element_type=\"widget\" data-widget_type=\"heading.default\">\n\t\t\t\t<div class=\"elementor-widget-container\">\n\t\t\t<p class=\"elementor-heading-title elementor-size-default\">- Jmenuji se Honza a je mi 27 let. Jsem oby\u010dejn\u00fd kluk ze severn\u00ed Moravy, kter\u00fd si na\u0161el l\u00e1sku k focen\u00ed. <\/br><\/br>\n\n- Miluji cestov\u00e1n\u00ed a pozn\u00e1v\u00e1n\u00ed v\u0161eho jin\u00e9ho. Ka\u017ed\u00e1 cesta m\u011b dok\u00e1\u017ee nab\u00edt a motivovat a dob\u00edt baterky na maximum.  <\/br><\/br>\n\n- Svoji prvn\u00ed svatbu jsem fotil, kdy\u017e mi bylo 18. N\u00e1sledn\u011b fotit p\u0159ev\u00e1\u017en\u011b jen svatby p\u0159i\u0161lo v roce 2021, kdy\u017e mi bylo 24. <\/br><\/br>\n\n- Jsem hrd\u00fd majitel chlupat\u00e9ho ko\u010di\u010d\u00e1ka, kter\u00fd je naprosto bo\u017e\u00ed a v\u017edy na m\u011b dohl\u00ed\u017e\u00ed, kdy\u017e pro V\u00e1s upravuju fotky! <\/p>\t\t<\/div>\n\t\t\t\t<\/div>\n\t\t\t\t<\/div>\n\t\t\t\t<\/div>\n\t\t<div class=\"elementor-element elementor-element-65c0446 e-flex e-con-boxed e-con e-parent\" data-id=\"65c0446\" data-element_type=\"container\" data-settings=\"{&quot;content_width&quot;:&quot;boxed&quot;}\" data-core-v316-plus=\"true\">\n\t\t\t\t\t<div class=\"e-con-inner\">\n\t\t\t\t<div class=\"elementor-element elementor-element-62c9afa elementor-widget elementor-widget-heading\" data-id=\"62c9afa\" data-element_type=\"widget\" data-widget_type=\"heading.default\">\n\t\t\t\t<div class=\"elementor-widget-container\">\n\t\t\t<h3 class=\"elementor-heading-title elementor-size-default\">Jak \u0161el \u010das, aneb p\u0159\u00edb\u011bh jak jsem se dostal k focen\u00ed <\/h3>\t\t<\/div>\n\t\t\t\t<\/div>\n\t\t\t\t<div class=\"elementor-element elementor-element-d401adf elementor-widget elementor-widget-heading\" data-id=\"d401adf\" data-element_type=\"widget\" data-widget_type=\"heading.default\">\n\t\t\t\t<div class=\"elementor-widget-container\">\n\t\t\t<p class=\"elementor-heading-title elementor-size-default\">Jako mal\u00fd jsem mamce v\u0161ude neust\u00e1le bral fo\u0165\u00e1k a fotil v\u0161echno mo\u017en\u00e9 \u2013 nej\u010dast\u011bji kyti\u010dky a r\u016fzn\u00e9 drobnosti, kter\u00e9 m\u011b zaujaly. Kdy\u017e mi bylo zhruba osm a dostal jsem od d\u011bde\u010dka jeho star\u00fd fo\u0165\u00e1k na kinofilm, tak to pro m\u011b byla velk\u00e1 zm\u011bna \u2013 najednou jsem musel p\u0159em\u00fd\u0161let nad ka\u017ed\u00fdm sn\u00edmkem a \u0161et\u0159it filmem, ale moje nad\u0161en\u00ed pro focen\u00ed t\u00edm jen rostlo.<\/br><\/br>\n\nO p\u00e1r let pozd\u011bji jsem dostal od rodi\u010d\u016f sv\u016fj prvn\u00ed digit\u00e1ln\u00ed kompakt a v tu chv\u00edli jsem focen\u00ed \u00fapln\u011b propadl. Nejv\u00edc m\u011b bavila street fotografie, kter\u00e1 m\u011b fascinuje dodnes. Ve sv\u00fdch patn\u00e1cti letech jsem se z\u00fa\u010dastnil prvn\u00edho workshopu zam\u011b\u0159en\u00e9ho pr\u00e1v\u011b na street fotku v Praze. Pamatuju si, jak v\u0161ichni kolem m\u011b m\u011bli obrovsk\u00e9 zrcadlovky, zat\u00edmco j\u00e1 tam st\u00e1l se sv\u00fdm mal\u00fdm kompaktem. O to v\u011bt\u0161\u00ed radost mi ud\u011blalo, kdy\u017e na konci kurzu moje fotky sklidily nejv\u011bt\u0161\u00ed chv\u00e1lu. Dokonce za mnou p\u0159i\u0161el s\u00e1m fotograf a lektor workshopu Bj\u00f6rn Steinz a \u0159ekl mi, \u017ee m\u00e1m talent a zda se nechci focen\u00ed v\u011bnovat v\u00edc.<\/br><\/br>\n\nA tak jsem \u0161el za t\u00edm, co m\u011b napl\u0148uje. Za\u010dal jsem fotit portr\u00e9ty pro kamar\u00e1dy, pak se objevily prvn\u00ed zak\u00e1zky a jednoho dne mi p\u0159i\u0161la nab\u00eddka, abych jako druh\u00fd fotograf zachytil svatbu jednoho p\u00e1ru. V tu chv\u00edli jsem v\u011bd\u011bl, \u017ee tohle je p\u0159esn\u011b to co chci d\u011blat.<\/br><\/br>\n\nVid\u011bt va\u0161e \u0161t\u011bst\u00ed a zachytit ho tak, aby v\u00e1m vzpom\u00ednky z\u016fstaly napo\u0159\u00e1d, je pro m\u011b nejv\u011bt\u0161\u00ed \u010dest.<\/p>\t\t<\/div>\n\t\t\t\t<\/div>\n\t\t\t\t\t<\/div>\n\t\t\t\t<\/div>\n\t\t\t\t<section class=\"elementor-section elementor-top-section elementor-element elementor-element-74c818a n-amore-container--wide elementor-section-height-min-height elementor-hidden-desktop elementor-hidden-tablet elementor-hidden-mobile elementor-section-boxed elementor-section-height-default elementor-section-items-middle\" data-id=\"74c818a\" data-element_type=\"section\">\n\t\t\t\t\t\t<div class=\"elementor-container elementor-column-gap-default\">\n\t\t\t\t\t<div class=\"elementor-column elementor-col-50 elementor-top-column elementor-element elementor-element-ff2c27d\" data-id=\"ff2c27d\" data-element_type=\"column\">\n\t\t\t<div class=\"elementor-widget-wrap elementor-element-populated\">\n\t\t\t\t\t\t<div class=\"elementor-element elementor-element-175ec4c a-animated-heading__direction-column a-animated-heading__direction-tablet-column elementor-widget elementor-widget-neuron-animated-heading\" data-id=\"175ec4c\" data-element_type=\"widget\" data-settings=\"{&quot;animated_text&quot;:&quot;Jsem Honza, \\nSvatebn\\u00ed, p\\u00e1rov\\u00fd a portr\\u00e9tn\\u00ed fotograf&quot;,&quot;style&quot;:&quot;animated&quot;,&quot;animated_type&quot;:&quot;line&quot;,&quot;animated_animation&quot;:&quot;h-neuron-animation--slideUp&quot;,&quot;neuron_animations_duration&quot;:&quot;animated&quot;,&quot;animation_delay&quot;:200}\" data-widget_type=\"neuron-animated-heading.default\">\n\t\t\t\t<div class=\"elementor-widget-container\">\n\t\t\t\t\t<h3 class=\"a-animated-heading a-animated-heading--animated a-animated-heading--animated__line\" data-id=\"175ec4c\">\r\n\r\n\t\t\t\r\n\t\t\t<span class=\"a-animated-heading__text--dynamic-wrapper a-animated-heading__text\"><\/span>\r\n\r\n\t\t\t\r\n\t\t<\/h3>\r\n\t\t\t\t<\/div>\n\t\t\t\t<\/div>\n\t\t\t\t<div class=\"elementor-element elementor-element-bd72972 elementor-widget elementor-widget-heading\" data-id=\"bd72972\" data-element_type=\"widget\" data-widget_type=\"heading.default\">\n\t\t\t\t<div class=\"elementor-widget-container\">\n\t\t\t<p class=\"elementor-heading-title elementor-size-default\">Svatebn\u00ed fotografii jsem se za\u010dal v\u011bnovat asi p\u0159ed \u0161esti lety. O fotografov\u00e1n\u00ed jsem se \nzaj\u00edmal a zab\u00fdval se j\u00edm od mali\u010dka. Nic nep\u0159ekon\u00e1 pocit, kdy\u017e vid\u00edm emoce, nap\u011bt\u00ed a \nokouzluj\u00edc\u00ed kr\u00e1su dvou lid\u00ed, kte\u0159\u00ed oslavuj\u00ed l\u00e1sku.\nSvou prvn\u00ed svatbu jsem fotil pro z\u00e1bavu, kdy\u017e mi z ni\u010deho nic p\u0159i\u0161la na email \npopt\u00e1vka, jestli bych si necht\u011bl vyzkou\u0161et fotit svatbu jako druh\u00fd fotograf. Prvn\u00edm \nz\u00e1jemc\u016fm se l\u00edbily m\u00e9 report\u00e1\u017en\u00ed fotografie, kter\u00e9 jsem v t\u00e9 dob\u011b m\u011bl na sv\u00e9m webu.\nTehdy jsem ne\u010dekal, \u017ee by se n\u011bkdo mohl ozvat, a byl jsem p\u0159\u00edjemn\u011b p\u0159ekvapen. S \nradost\u00ed jsem tuto nab\u00eddku p\u0159ijal a vzal ji jako v\u00fdzvu. I po \u0161esti letech m\u00e1m st\u00e1le hus\u00ed \nk\u016f\u017ei a mrazen\u00ed, kdy\u017e nev\u011bsta projde uli\u010dkou a \u017eenich ji poprv\u00e9 uvid\u00ed.\nDo focen\u00ed vkl\u00e1d\u00e1m srdce, p\u00e9\u010di a energii naplno, stejn\u011b jako do v\u0161eho, co d\u011bl\u00e1m. \nNejvd\u011b\u010dn\u011bj\u0161\u00ed \u010d\u00e1st\u00ed cel\u00e9ho focen\u00ed jsou emoce a \u0161\u0165astn\u00e9 zpr\u00e1vy, kter\u00e9 dost\u00e1v\u00e1m od \nsv\u00fdch klient\u016f. Nic m\u011b nenabije a nepos\u00edl\u00ed v\u00edc<\/p>\t\t<\/div>\n\t\t\t\t<\/div>\n\t\t\t\t\t<\/div>\n\t\t<\/div>\n\t\t\t\t<div class=\"elementor-column elementor-col-50 elementor-top-column elementor-element elementor-element-b3e19ca\" data-id=\"b3e19ca\" data-element_type=\"column\" data-settings=\"{&quot;background_background&quot;:&quot;classic&quot;}\">\n\t\t\t<div class=\"elementor-widget-wrap elementor-element-populated\">\n\t\t\t\t\t\t<div class=\"elementor-element elementor-element-9cd1d1c elementor-widget elementor-widget-spacer\" data-id=\"9cd1d1c\" data-element_type=\"widget\" data-widget_type=\"spacer.default\">\n\t\t\t\t<div class=\"elementor-widget-container\">\n\t\t\t<style>\/*! elementor - v3.19.0 - 28-02-2024 *\/\n.elementor-column .elementor-spacer-inner{height:var(--spacer-size)}.e-con{--container-widget-width:100%}.e-con-inner>.elementor-widget-spacer,.e-con>.elementor-widget-spacer{width:var(--container-widget-width,var(--spacer-size));--align-self:var(--container-widget-align-self,initial);--flex-shrink:0}.e-con-inner>.elementor-widget-spacer>.elementor-widget-container,.e-con>.elementor-widget-spacer>.elementor-widget-container{height:100%;width:100%}.e-con-inner>.elementor-widget-spacer>.elementor-widget-container>.elementor-spacer,.e-con>.elementor-widget-spacer>.elementor-widget-container>.elementor-spacer{height:100%}.e-con-inner>.elementor-widget-spacer>.elementor-widget-container>.elementor-spacer>.elementor-spacer-inner,.e-con>.elementor-widget-spacer>.elementor-widget-container>.elementor-spacer>.elementor-spacer-inner{height:var(--container-widget-height,var(--spacer-size))}.e-con-inner>.elementor-widget-spacer.elementor-widget-empty,.e-con>.elementor-widget-spacer.elementor-widget-empty{position:relative;min-height:22px;min-width:22px}.e-con-inner>.elementor-widget-spacer.elementor-widget-empty .elementor-widget-empty-icon,.e-con>.elementor-widget-spacer.elementor-widget-empty .elementor-widget-empty-icon{position:absolute;top:0;bottom:0;left:0;right:0;margin:auto;padding:0;width:22px;height:22px}<\/style>\t\t<div class=\"elementor-spacer\">\n\t\t\t<div class=\"elementor-spacer-inner\"><\/div>\n\t\t<\/div>\n\t\t\t\t<\/div>\n\t\t\t\t<\/div>\n\t\t\t\t\t<\/div>\n\t\t<\/div>\n\t\t\t\t\t<\/div>\n\t\t<\/section>\n\t\t\t\t<\/div>\n\t\t","protected":false},"excerpt":{"rendered":"<p>Ahoj, V\u00edtej u m\u011b na webu! P\u00e1r fakt\u016f a zaj\u00edmavost\u00ed o mn\u011b &#8211; Jmenuji se Honza a je mi 27 let. Jsem oby\u010dejn\u00fd kluk ze severn\u00ed Moravy, kter\u00fd si na\u0161el l\u00e1sku k focen\u00ed. &#8211; Miluji cestov\u00e1n\u00ed a pozn\u00e1v\u00e1n\u00ed v\u0161eho jin\u00e9ho. Ka\u017ed\u00e1 cesta m\u011b dok\u00e1\u017ee nab\u00edt a motivovat a dob\u00edt baterky na maximum. &#8211; Svoji prvn\u00ed&#8230;<\/p>\n","protected":false},"author":1,"featured_media":0,"parent":0,"menu_order":0,"comment_status":"closed","ping_status":"closed","template":"","meta":{"footnotes":""},"_links":{"self":[{"href":"https:\/\/janvosahlo.com\/index.php\/wp-json\/wp\/v2\/pages\/227"}],"collection":[{"href":"https:\/\/janvosahlo.com\/index.php\/wp-json\/wp\/v2\/pages"}],"about":[{"href":"https:\/\/janvosahlo.com\/index.php\/wp-json\/wp\/v2\/types\/page"}],"author":[{"embeddable":true,"href":"https:\/\/janvosahlo.com\/index.php\/wp-json\/wp\/v2\/users\/1"}],"replies":[{"embeddable":true,"href":"https:\/\/janvosahlo.com\/index.php\/wp-json\/wp\/v2\/comments?post=227"}],"version-history":[{"count":125,"href":"https:\/\/janvosahlo.com\/index.php\/wp-json\/wp\/v2\/pages\/227\/revisions"}],"predecessor-version":[{"id":5266,"href":"https:\/\/janvosahlo.com\/index.php\/wp-json\/wp\/v2\/pages\/227\/revisions\/5266"}],"wp:attachment":[{"href":"https:\/\/janvosahlo.com\/index.php\/wp-json\/wp\/v2\/media?parent=227"}],"curies":[{"name":"wp","href":"https:\/\/api.w.org\/{rel}","templated":true}]}}