{"id":168,"date":"2023-03-08T01:58:38","date_gmt":"2023-03-08T01:58:38","guid":{"rendered":"https:\/\/neuronthemes.com\/amore\/?page_id=168"},"modified":"2024-02-13T13:30:54","modified_gmt":"2024-02-13T13:30:54","slug":"interactive-home","status":"publish","type":"page","link":"https:\/\/janvosahlo.com\/index.php\/interactive-home\/","title":{"rendered":"Interactive Home"},"content":{"rendered":"\t\t<div data-elementor-type=\"wp-page\" data-elementor-id=\"168\" class=\"elementor elementor-168\" data-elementor-post-type=\"page\">\n\t\t\t\t\t\t<section class=\"elementor-section elementor-top-section elementor-element elementor-element-21ebe00 elementor-section-height-min-height elementor-section-boxed elementor-section-height-default elementor-section-items-middle\" data-id=\"21ebe00\" data-element_type=\"section\">\n\t\t\t\t\t\t<div class=\"elementor-container elementor-column-gap-no\">\n\t\t\t\t\t<div class=\"elementor-column elementor-col-100 elementor-top-column elementor-element elementor-element-d070166\" data-id=\"d070166\" data-element_type=\"column\">\n\t\t\t<div class=\"elementor-widget-wrap elementor-element-populated\">\n\t\t\t\t\t\t<div class=\"elementor-element elementor-element-7523546 m-neuron-interactive-posts--image-cover__text m-neuron-interactive-posts__h-align-center m-neuron-interactive-posts--vertical elementor-widget elementor-widget-neuron-interactive-posts\" data-id=\"7523546\" data-element_type=\"widget\" data-settings=\"{&quot;image_coverage&quot;:&quot;text&quot;,&quot;layout&quot;:&quot;vertical&quot;,&quot;pagination&quot;:&quot;none&quot;}\" data-widget_type=\"neuron-interactive-posts.default\">\n\t\t\t\t<div class=\"elementor-widget-container\">\n\t\t\t \r\n\t\t\t<div class=\"m-neuron-interactive-posts\" data-interactive-id=\"b9b7ae2b74196ba2ff1d78b6dc747f7b\">\r\n\t\t\t\t<div class=\"m-neuron-interactive-posts__links\">\r\n\t\t\t\t\t\t\t\t\t<article data-id=\"2177\" class=\"m-neuron-interactive-posts__item post-2177 portfolio type-portfolio status-publish has-post-thumbnail hentry portfolio_category-svatbebni-pribehy\">\r\n\t\t\t\t\t<a class=\"m-neuron-interactive-posts__title\" data-text-interactive=\"Svatebn\u00ed p\u0159\u00edb\u011bh Nikoly a Davida\" href=\"https:\/\/janvosahlo.com\/index.php\/portfolio\/niky-david\/\">Svatebn\u00ed p\u0159\u00edb\u011bh Nikoly a Davida<\/a>\r\n\t\t\t\t\t\t\t\t\t<\/article>\r\n\t\t\t\t\t\t\t<article data-id=\"2161\" class=\"m-neuron-interactive-posts__item post-2161 portfolio type-portfolio status-publish has-post-thumbnail hentry portfolio_category-svatbebni-pribehy\">\r\n\t\t\t\t\t<a class=\"m-neuron-interactive-posts__title\" data-text-interactive=\"Svatebn\u00ed p\u0159\u00edb\u011bh Ani\u010dky a M\u00ed\u0161i\" href=\"https:\/\/janvosahlo.com\/index.php\/portfolio\/anna-misa\/\">Svatebn\u00ed p\u0159\u00edb\u011bh Ani\u010dky a M\u00ed\u0161i<\/a>\r\n\t\t\t\t\t\t\t\t\t<\/article>\r\n\t\t\t\t\t\t\t<article data-id=\"2625\" class=\"m-neuron-interactive-posts__item post-2625 portfolio type-portfolio status-publish has-post-thumbnail hentry portfolio_category-svatbebni-pribehy\">\r\n\t\t\t\t\t<a class=\"m-neuron-interactive-posts__title\" data-text-interactive=\"Svatebn\u00ed p\u0159\u00edb\u011bh Ani\u010dky a Milana\" href=\"https:\/\/janvosahlo.com\/index.php\/portfolio\/anicky-a-milana\/\">Svatebn\u00ed p\u0159\u00edb\u011bh Ani\u010dky a Milana<\/a>\r\n\t\t\t\t\t\t\t\t\t<\/article>\r\n\t\t\t\t\t\t\t<article data-id=\"100\" class=\"m-neuron-interactive-posts__item post-100 portfolio type-portfolio status-publish has-post-thumbnail hentry portfolio_category-wedding\">\r\n\t\t\t\t\t<a class=\"m-neuron-interactive-posts__title\" data-text-interactive=\"Pod\u00edvej se, jak fot\u00edm portr\u00e9ty\" href=\"https:\/\/janvosahlo.com\/index.php\/portfolio\/ruby-jackson\/\">Pod\u00edvej se, jak fot\u00edm portr\u00e9ty<\/a>\r\n\t\t\t\t\t\t\t\t\t<\/article>\r\n\t\t\t\t\t\t\t<article data-id=\"2860\" class=\"m-neuron-interactive-posts__item post-2860 portfolio type-portfolio status-publish has-post-thumbnail hentry portfolio_category-portret portfolio_tag-portrety\">\r\n\t\t\t\t\t<a class=\"m-neuron-interactive-posts__title\" data-text-interactive=\"Portr\u00e9ty\" href=\"https:\/\/janvosahlo.com\/index.php\/portfolio\/portrety\/\">Portr\u00e9ty<\/a>\r\n\t\t\t\t\t\t\t\t\t<\/article>\r\n\t\t\t\t\t\t\t<\/div>\r\n\t\t\t\t<div class=\"m-neuron-interactive-posts__images\">\r\n\t\t\t\t\t\t\t\t\t<div data-id=\"2177\" class=\"m-neuron-interactive-posts__image\" style=\"background-image: url(https:\/\/janvosahlo.com\/wp-content\/uploads\/2024\/02\/IMG_4728-Edit.jpg)\"><img fetchpriority=\"high\" decoding=\"async\" width=\"1500\" height=\"1000\" src=\"https:\/\/janvosahlo.com\/wp-content\/uploads\/2024\/02\/IMG_4728-Edit.jpg\" class=\"attachment-post-thumbnail size-post-thumbnail wp-post-image\" alt=\"\" srcset=\"https:\/\/janvosahlo.com\/wp-content\/uploads\/2024\/02\/IMG_4728-Edit.jpg 1500w, https:\/\/janvosahlo.com\/wp-content\/uploads\/2024\/02\/IMG_4728-Edit-300x200.jpg 300w, https:\/\/janvosahlo.com\/wp-content\/uploads\/2024\/02\/IMG_4728-Edit-1024x683.jpg 1024w, https:\/\/janvosahlo.com\/wp-content\/uploads\/2024\/02\/IMG_4728-Edit-768x512.jpg 768w\" sizes=\"(max-width: 1500px) 100vw, 1500px\" \/><\/div>\r\n\t\t\t\t\t\t\t<div data-id=\"2161\" class=\"m-neuron-interactive-posts__image\" style=\"background-image: url(https:\/\/janvosahlo.com\/wp-content\/uploads\/2024\/03\/IMG_8581.jpg)\"><img decoding=\"async\" width=\"1500\" height=\"1000\" src=\"https:\/\/janvosahlo.com\/wp-content\/uploads\/2024\/03\/IMG_8581.jpg\" class=\"attachment-post-thumbnail size-post-thumbnail wp-post-image\" alt=\"\" srcset=\"https:\/\/janvosahlo.com\/wp-content\/uploads\/2024\/03\/IMG_8581.jpg 1500w, https:\/\/janvosahlo.com\/wp-content\/uploads\/2024\/03\/IMG_8581-300x200.jpg 300w, https:\/\/janvosahlo.com\/wp-content\/uploads\/2024\/03\/IMG_8581-1024x683.jpg 1024w, https:\/\/janvosahlo.com\/wp-content\/uploads\/2024\/03\/IMG_8581-768x512.jpg 768w\" sizes=\"(max-width: 1500px) 100vw, 1500px\" \/><\/div>\r\n\t\t\t\t\t\t\t<div data-id=\"2625\" class=\"m-neuron-interactive-posts__image\" style=\"background-image: url(https:\/\/janvosahlo.com\/wp-content\/uploads\/2024\/03\/Svatba_Anicka_Milan_Litomysl-175.jpg)\"><img decoding=\"async\" width=\"1500\" height=\"1000\" src=\"https:\/\/janvosahlo.com\/wp-content\/uploads\/2024\/03\/Svatba_Anicka_Milan_Litomysl-175.jpg\" class=\"attachment-post-thumbnail size-post-thumbnail wp-post-image\" alt=\"\" srcset=\"https:\/\/janvosahlo.com\/wp-content\/uploads\/2024\/03\/Svatba_Anicka_Milan_Litomysl-175.jpg 1500w, https:\/\/janvosahlo.com\/wp-content\/uploads\/2024\/03\/Svatba_Anicka_Milan_Litomysl-175-300x200.jpg 300w, https:\/\/janvosahlo.com\/wp-content\/uploads\/2024\/03\/Svatba_Anicka_Milan_Litomysl-175-1024x683.jpg 1024w, https:\/\/janvosahlo.com\/wp-content\/uploads\/2024\/03\/Svatba_Anicka_Milan_Litomysl-175-768x512.jpg 768w\" sizes=\"(max-width: 1500px) 100vw, 1500px\" \/><\/div>\r\n\t\t\t\t\t\t\t<div data-id=\"100\" class=\"m-neuron-interactive-posts__image\" style=\"background-image: url(https:\/\/janvosahlo.com\/wp-content\/uploads\/2022\/03\/5E9A6134-Edit.jpg)\"><img loading=\"lazy\" decoding=\"async\" width=\"1500\" height=\"1000\" src=\"https:\/\/janvosahlo.com\/wp-content\/uploads\/2022\/03\/5E9A6134-Edit.jpg\" class=\"attachment-post-thumbnail size-post-thumbnail wp-post-image\" alt=\"\" srcset=\"https:\/\/janvosahlo.com\/wp-content\/uploads\/2022\/03\/5E9A6134-Edit.jpg 1500w, https:\/\/janvosahlo.com\/wp-content\/uploads\/2022\/03\/5E9A6134-Edit-300x200.jpg 300w, https:\/\/janvosahlo.com\/wp-content\/uploads\/2022\/03\/5E9A6134-Edit-1024x683.jpg 1024w, https:\/\/janvosahlo.com\/wp-content\/uploads\/2022\/03\/5E9A6134-Edit-768x512.jpg 768w\" sizes=\"(max-width: 1500px) 100vw, 1500px\" \/><\/div>\r\n\t\t\t\t\t\t\t<div data-id=\"2860\" class=\"m-neuron-interactive-posts__image\" style=\"background-image: url(https:\/\/janvosahlo.com\/wp-content\/uploads\/2023\/03\/387477693_3771205173109378_4381102759503563572_n.jpg)\"><img loading=\"lazy\" decoding=\"async\" width=\"2048\" height=\"1366\" src=\"https:\/\/janvosahlo.com\/wp-content\/uploads\/2023\/03\/387477693_3771205173109378_4381102759503563572_n.jpg\" class=\"attachment-post-thumbnail size-post-thumbnail wp-post-image\" alt=\"\" srcset=\"https:\/\/janvosahlo.com\/wp-content\/uploads\/2023\/03\/387477693_3771205173109378_4381102759503563572_n.jpg 2048w, https:\/\/janvosahlo.com\/wp-content\/uploads\/2023\/03\/387477693_3771205173109378_4381102759503563572_n-300x200.jpg 300w, https:\/\/janvosahlo.com\/wp-content\/uploads\/2023\/03\/387477693_3771205173109378_4381102759503563572_n-1024x683.jpg 1024w, https:\/\/janvosahlo.com\/wp-content\/uploads\/2023\/03\/387477693_3771205173109378_4381102759503563572_n-768x512.jpg 768w, https:\/\/janvosahlo.com\/wp-content\/uploads\/2023\/03\/387477693_3771205173109378_4381102759503563572_n-1536x1025.jpg 1536w\" sizes=\"(max-width: 2048px) 100vw, 2048px\" \/><\/div>\r\n\t\t\t\t\t\t\t<\/div>\r\n\t\t\t<\/div>\r\n\t\t\t\t<\/div>\n\t\t\t\t<\/div>\n\t\t\t\t\t<\/div>\n\t\t<\/div>\n\t\t\t\t\t<\/div>\n\t\t<\/section>\n\t\t\t\t<\/div>\n\t\t","protected":false},"excerpt":{"rendered":"<p>Sienna &amp; Liam Clara &amp; Gabriel Bella &amp; Mason Ruby &#038; Jackson Emma &amp; Daniel Kaelin &amp; Aria Ronan &amp; Autumn Caspian &amp; Dahlia<\/p>\n","protected":false},"author":1,"featured_media":0,"parent":0,"menu_order":0,"comment_status":"closed","ping_status":"closed","template":"","meta":{"footnotes":""},"_links":{"self":[{"href":"https:\/\/janvosahlo.com\/index.php\/wp-json\/wp\/v2\/pages\/168"}],"collection":[{"href":"https:\/\/janvosahlo.com\/index.php\/wp-json\/wp\/v2\/pages"}],"about":[{"href":"https:\/\/janvosahlo.com\/index.php\/wp-json\/wp\/v2\/types\/page"}],"author":[{"embeddable":true,"href":"https:\/\/janvosahlo.com\/index.php\/wp-json\/wp\/v2\/users\/1"}],"replies":[{"embeddable":true,"href":"https:\/\/janvosahlo.com\/index.php\/wp-json\/wp\/v2\/comments?post=168"}],"version-history":[{"count":1,"href":"https:\/\/janvosahlo.com\/index.php\/wp-json\/wp\/v2\/pages\/168\/revisions"}],"predecessor-version":[{"id":1415,"href":"https:\/\/janvosahlo.com\/index.php\/wp-json\/wp\/v2\/pages\/168\/revisions\/1415"}],"wp:attachment":[{"href":"https:\/\/janvosahlo.com\/index.php\/wp-json\/wp\/v2\/media?parent=168"}],"curies":[{"name":"wp","href":"https:\/\/api.w.org\/{rel}","templated":true}]}}